204
1553 (base 6) to base 16
1ad
Convert 45638 (base 9) to base 8.
73312
Convert a83 (base 16) to base 9.
3620
-490 (base 10) to base 2
-111101010
What is -6978 (base 15) in base 9?
-33635
Convert 4a08 (base 11) to base 9.
8868
Convert 100503 (base 8) to base 5.
2024331
12c1 (base 16) to base 7
16666
What is 67 (base 16) in base 3?
10211
Convert -182 (base 13) to base 4.
-10103
Convert -1557 (base 12) to base 9.
-3404
121000 (base 3) to base 10
432
-6d52 (base 15) to base 9
-34805
Convert 7bf (base 16) to base 12.
1193
Convert -1614 (base 7) to base 10.
-648
What is -161 (base 14) in base 16?
-119
-10131 (base 5) to base 12
-476
What is -394 (base 14) in base 4?
-23032
What is -10211011 (base 3) in base 2?
-101011100001
What is -11020112 (base 3) in base 11?
-2361
Convert 1011011101 (base 2) to base 7.
2065
Convert -7721 (base 11) to base 16.
-27cb
What is 14244 (base 9) in base 14?
3755
1311231 (base 4) to base 7
30651
2a06 (base 11) to base 9
5278
What is 413 (base 8) in base 4?
10023
Convert -1124 (base 10) to base 11.
-932
What is 330 (base 13) in base 14?
2b0
Convert 4640 (base 12) to base 5.
222244
-8740 (base 11) to base 10
-11539
Convert 551 (base 6) to base 4.
3103
-497 (base 12) to base 3
-221121
What is 90 (base 11) in base 2?
1100011
Convert 8693 (base 12) to base 14.
5571
Convert 1011120112 (base 3) to base 2.
101100111101010
Convert -4a88 (base 13) to base 9.
-15466
What is -342121 (base 6) in base 10?
-28993
What is 11100023 (base 4) in base 13?
9a40
-220 (base 16) to base 11
-455
What is -99 (base 14) in base 10?
-135
Convert -5453 (base 13) to base 12.
-6955
Convert 9469 (base 10) to base 3.
110222201
-378b (base 15) to base 3
-121020012
ba2 (base 14) to base 5
33143
What is 158 (base 15) in base 2?
100110100
What is 6633 (base 10) in base 16?
19e9
What is 3320 (base 6) in base 9?
1043
Convert 1705 (base 11) to base 16.
887
122 (base 3) to base 10
17
1d55 (base 14) to base 4
1103313
Convert -19d (base 16) to base 8.
-635
-308 (base 11) to base 10
-371
Convert -1071 (base 13) to base 7.
-6450
Convert 3322 (base 4) to base 10.
250
Convert 210102 (base 3) to base 12.
402
What is -1784 (base 9) in base 6?
-10204
Convert a391 (base 11) to base 6.
143433
Convert -4545 (base 7) to base 11.
-1270
What is 1122 (base 13) in base 11?
1887
2 (base 15) to base 8
2
Convert 421003 (base 6) to base 5.
2041130
Convert 808 (base 11) to base 10.
976
-1233 (base 5) to base 2
-11000001
What is 552 (base 6) in base 13?
134
-126 (base 15) to base 14
-149
Convert -ac5 (base 13) to base 4.
-130323
198b (base 12) to base 16
c3b
Convert -210002 (base 4) to base 2.
-100100000010
What is 63746 (base 8) in base 16?
67e6
b5 (base 15) to base 13
101
Convert a3c9 (base 14) to base 9.
42618
-358 (base 9) to base 16
-128
Convert -3913 (base 11) to base 7.
-20600
What is 2497 (base 11) in base 5?
101002
201222212 (base 3) to base 16
38f0
-10110100 (base 2) to base 4
-2310
2523 (base 10) to base 12
1563
Convert 2527 (base 14) to base 11.
4982
Convert -a0a (base 16) to base 14.
-d18
Convert -31003 (base 7) to base 6.
-54541
Convert 574 (base 9) to base 8.
730
42da (base 14) to base 9
16764
Convert -41010 (base 5) to base 3.
-10121102
1130 (base 8) to base 11
4a6
What is 13123101 (base 4) in base 15?
902c
1ae6 (base 15) to base 7
23013
Convert -357 (base 11) to base 6.
-1545
Convert 20314 (base 5) to base 12.
932
101661 (base 7) to base 16
444f
What is -3030 (base 11) in base 16?
-fba
What is 3685 (base 10) in base 15?
115a
-2140 (base 6) to base 2
-111101100
-11000111 (base 2) to base 3
-21101
Convert 64626 (base 7) to base 5.
1003332
Convert 6644 (base 7) to base 4.
211100
What is -10001001100000110 (base 2) in base 5?
-4223111
16 (base 7) to base 4
31
Convert -156 (base 9) to base 14.
-96
14703 (base 8) to base 11
4a56
Convert 27273 (base 10) to base 6.
330133
188 (base 13) to base 10
281
Convert -25871 (base 9) to base 12.
-a147
Convert -982 (base 12) to base 13.
-833
12a3 (base 14) to base 3
11111110
1dc8c (base 14) to base 12
38384
What is 1002211 (base 4) in base 14?
17a5
-1876 (base 15) to base 14
-1cd8
Convert 313 (base 4) to base 8.
67
Convert -4030 (base 5) to base 14.
-28b
Convert 1033223 (base 4) to base 6.
35335
What is -a49 (base 11) in base 13?
-762
Convert 3442 (base 5) to base 9.
612
1420 (base 7) to base 3
202111
What is 510 (base 9) in base 5?
3124
What is aa0 (base 13) in base 12?
1078
Convert -316e (base 15) to base 5.
-313304
10212011 (base 3) to base 14
104c
What is -b779 (base 12) in base 3?
-1000120210
What is -1000010001011111 (base 2) in base 4?
-20101133
29160 (base 10) to base 13
10371
What is -d3e (base 16) in base 15?
-1010
-2312300 (base 4) to base 15
-36eb
248 (base 15) to base 7
1340
-11342 (base 9) to base 8
-16623
What is 100111111110011 (base 2) in base 5?
1123332
Convert 150 (base 9) to base 13.
99
What is 1614 (base 8) in base 10?
908
1306 (base 9) to base 14
4dc
Convert -100010011010 (base 2) to base 16.
-89a
-34b3 (base 12) to base 14
-2211
Convert -1831 (base 10) to base 6.
-12251
What is 1510 (base 6) in base 2?
110010010
Convert -332232 (base 4) to base 15.
-12c9
Convert -136 (base 11) to base 10.
-160
-779b (base 15) to base 13
-b6c9
What is -330 (base 4) in base 6?
-140
Convert -305 (base 11) to base 15.
-198
Convert -11011111010 (base 2) to base 4.
-123322
Convert -21117 (base 8) to base 7.
-34415
Convert 3b98 (base 16) to base 6.
154344
What is 1112 (base 4) in base 15?
5b
What is 18830 (base 15) in base 12?
39ba6
-11032 (base 5) to base 7
-2144
Convert 1000000001000 (base 2) to base 13.
1b39
Convert 1001010100000 (base 2) to base 10.
4768
Convert -429 (base 10) to base 14.
-229
What is 670 (base 10) in base 8?
1236
-5123 (base 8) to base 6
-20123
34143 (base 7) to base 16
21cf
-928b (base 13) to base 7
-112653
What is 143444 (base 6) in base 7?
55114
Convert -1002012001 (base 3) to base 11.
-14a93
1274 (base 13) to base 4
221012
121211 (base 3) to base 16
1c6
What is -461a (base 12) in base 10?
-7798
Convert -10001101 (base 2) to base 15.
-96
101100111000 (base 2) to base 3
10221101
Convert -114 (base 5) to base 6.
-54
What is 4823 (base 16) in base 7?
104561
-13205 (base 7) to base 8
-6715
531 (base 8) to base 5
2340
What is -1550 (base 7) in base 12?
-43b
Convert 7153 (base 8) to base 16.
e6b
What is -21a (base 12) in base 11?
-262
101012220 (base 3) to base 9
11186
Convert 54731 (base 11) to base 6.
1411350
Convert -322353 (base 6) to base 11.
-189a5
Convert 11304 (base 5) to base 8.
1475
Convert 4668 (base 10) to base 16.
123c
Convert 336 (base 13) to base 9.
673
What is -1f8 (base 16) in base 3?
-200200
21a (base 13) to base 2
101101001
Convert 199cd (base 14) to base 7.
360446
Convert 121333 (base 6) to base 9.
15623
What is 10010001011100010 (base 2) in base 11?
50a47
What is -158d (base 14) in base 5?
-110344
What is -152153 (base 6) in base 2?
-11100110100101
Convert 820 (base 14) to base 5.
22341
496 (base 15) to base 4
100101
502 (base 9) to base 15
1c2
106 (base 14) to base 12
14a
Convert 2003231 (base 5) to base 11.
218a0
-51 (base 6) to base 4
-133
-295 (base 13) to base 5
-3320
-21034 (base 5) to base 16
-572
Convert 3437 (base 11) to base 16.
11a5
23442 (base 8) to base 4
2130202
4111 (base 6) to base 2
1110001011
1622 (base 7) to base 13
3b3
-100242 (base 8) to base 5
-2023210
What is -113712 (base 8) in base 16?
-97ca
-324 (base 16) to base 11
-671
Convert 104640 (base 7) to base 6.
221353
-12626 (base 7) to base 15
-101b
Convert -304104 (base 5) to base 13.
-467b
-c61 (base 15) to base 9
-3741
What is 2cb (base 13) in base 10?
505
What is 1011011011011 (base 2) in base 5?
141401
-44720 (base 8) to base 4
-10213100
a29a (base 11) to base 12
7aa5
12510 (base 7) to base 2
110100001011
What is 26e (base 16) in base 10?
622
Convert -13d (base 15) to base 6.
-1151
What is c10 (base 16) in base 14?
11a8
-147 (base 15) to base 13
-196
Convert 531a (base 11) to base 2.
1101101111111
What is -138 (base 16) in base 3?
-102120
-3313002 (base 4) to base 15
-4a40
What is -41496 (base 10) in base 2?
-1010001000011000
What is -1ee8 (base 15) in base 13?
-30b9
9936 (base 15) to base 6
410123
-1032032 (base 4) to base 9
-6772
5025 (base 7) to base 16
6c6
Convert -301133 (base 4) to base 12.
-19bb
Convert 2320 